*b + 3*b - l + 3, -l - 12 = -3*b. Calculate the highest common factor of 33 and b.
3
Suppose -l - 3 = 5*b + 30, -b = l + 9. Let m be b/9 - (-76)/6. Calculate the highest common divisor of m and 24.
12
Suppose 0 = -d + 41 - 1. Calculate the greatest common factor of d and 5.
5
Suppose -g + 2*g - 4 = 0. Let s be 2/(-4) + 82/g. Suppose 2*k - 4*t - s = 0, -4*k - t + 6 + 7 = 0. Calculate the highest common divisor of k and 20.
4
Suppose w - 2*l - 44 = -w, 0 = 3*w - 2*l - 62. Let s = 18 + 18. Calculate the highest common factor of w and s.
18
Let c = 41 + 74. Let o = 47 - c. Let t be 10*(-2 + o/(-10)). What is the highest common factor of 32 and t?
16
Suppose -2*x - 5*o + 255 = -0*o, -o = 2*x - 243. What is the greatest common factor of 12 and x?
12
Let y be 12 - -4 - (2 + -1). Calculate the highest common divisor of y and 5.
5
Suppose 3*z = -z - 1072. Let p be 2/(-11) - z/22. What is the highest common factor of 12 and p?
12
Let l(r) = -3*r + 14. Let u be l(-10). Suppose 3*w = u + 16. Calculate the greatest common factor of w and 4.
4
Let q = 2 - -2. Suppose -w = -8 - q. What is the greatest common factor of w and 3?
3
Let a = 40 - 10. Let w = -22 + 28. Calculate the highest common factor of a and w.
6
Suppose 0 = -4*r + 6 - 46. Let v(k) be the first derivative of k**3/3 + 3*k**2 + 4. Let i be v(r). Calculate the highest common factor of i and 5.
5
Let g(r) = -r**3 + 9*r**2 + 6*r - 12. Let d be g(9). What is the highest common factor of d and 14?
14
Suppose -2*g = -3*h - 25, 57 = 2*g + 5*h + 8. Calculate the greatest common factor of 119 and g.
17
Suppose 0 = -6*w - w + 98. Let z be 0 + 3/((-1)/(-1)). Suppose -z*n = 3*x - 213, -3*n = -0*n - 4*x - 206. Calculate the greatest common factor of n and w.
14
Let x = 28 - -12. Suppose -y - y + 8 = 0. Suppose 4*h - y*i = 196, 2*i - x = -4*h + 162. Calculate the highest common factor of 10 and h.
10
Let u = 190 + -118. What is the greatest common factor of u and 8?
8
Suppose 6*x - 120 = 4*x. Let y be 4 + -1 - (-4 - 17). Calculate the greatest common divisor of y and x.
12
Suppose -27 = -5*h - f + 64, -41 = -2*h - 5*f. Let a = h + -12. Calculate the highest common factor of a and 42.
6
Suppose -46*i + 39*i = -91. Calculate the highest common factor of i and 117.
13
Suppose 0 = -5*c - 4*v + 15, 3*c = -0*v - 4*v + 9. Suppose -z + 24 = c*y, -11 = -3*z + y + 41. Calculate the greatest common divisor of z and 45.
9
Let n = -2 - -5. Suppose 5*b + n*h - 12 - 13 = 0, -4*b + 20 = -h. Suppose -o + b*o = t - 23, -12 = 3*o. What is the greatest common factor of 7 and t?
7
Suppose -2 = 2*b - 4. Let r(d) = 12*d + 1. Let j be r(b). Suppose 15 = q - j. Calculate the greatest common divisor of 7 and q.
7
Let s = -15 - -21. Calculate the highest common factor of s and 4.
2
Let o be 200 + (-1 - 0)*0. Let a = 39 - 14. Calculate the greatest common divisor of o and a.
25
Let m = 3 + -2. Suppose 2*c - m = 5. Let r be (14 - 11) + -1 + 10. Calculate the highest common factor of r and c.
3
Let l be (2 + -50)/(4 - 5). What is the highest common divisor of l and 120?
24
Let a(b) = b**2 - 2*b + 7. Let c be a(9). What is the highest common divisor of 10 and c?
10
Suppose -3*p - 504 = -7*p. What is the highest common factor of p and 14?
14
Let m = -82 + 84. What is the greatest common divisor of m and 18?
2
Suppose 0 = -5*o - 3*b - 15, 2 + 7 = -3*o + 4*b. Let g be o/9 + 20/6. Calculate the highest common divisor of 24 and g.
3
Suppose 0 = 3*p + 26 - 95. Suppose u - 4 = p. Calculate the highest common divisor of u and 18.
9
Suppose -4*p + 2*l + 450 = 0, -5*p + 4*l + 523 = -41. Let f be p/6 + 26/(-39). Calculate the greatest common divisor of f and 36.
18
Let w be 424/(-12) + 2/6. Let q be (w + 5)*4/(-6). What is the greatest common factor of q and 60?
20
Suppose 0 = 3*c - 5*c + 6. Let h = 6 + c. Let f = 22 - h. What is the greatest common divisor of f and 13?
13
Let p = 3 + -3. Suppose -4*o + o = 2*y - 18, p = -5*y - 4*o + 59. Calculate the greatest common factor of y and 6.
3
Let x be (-15)/(-2)*(1 - -7). Suppose 5*z - x = -c, 3*c + 2*z - 136 = c. Let p = 20 - 10. Calculate the highest common factor of p and c.
10
Let s be -5*12/(-15) - -3. What is the greatest common divisor of 7 and s?
7
Let m(z) = 2*z**3 - 2*z**2 - 3*z + 3. Let o be m(3). What is the greatest common factor of o and 6?
6
Suppose -5*y = -r - 36, 4*y - 40 = -0*y - 2*r. Suppose -45 = -y*w + 5*w. Calculate the highest common divisor of 45 and w.
15
Let m be (2/4)/(1/8). Let v = m + 6. Suppose b = 3*f + 6*b - 230, -3*f - 2*b = -218. Calculate the greatest common divisor of f and v.
10
Suppose -5*a + 2*a + 32 = 4*t, -t + 3*a - 7 = 0. Suppose -4*o + 12 = 2*s, -o - 3*o + 24 = -s. Calculate the highest common factor of o and t.
5
Suppose 4*s - 2*t - 18 = 0, -2*t + 6 = -4*t. Let h be -108*(s - (-33)/(-9)). What is the highest common factor of h and 8?
8
Suppose -2*p + q = -14, 16 = -4*q - 0*q. Suppose 17 = m - 38. Calculate the greatest common divisor of m and p.
5
Let k be 7/42 - (-263)/6. Calculate the highest common factor of 11 and k.
11
Let u = 149 + -96. Suppose u = 3*w + w + x, x = 1. Calculate the highest common divisor of 104 and w.
13
Suppose f + f + 3*w - 25 = 0, -25 = -3*f - 2*w. What is the greatest common divisor of 35 and f?
5
Let s(i) = 4*i**2 - 9*i - 14. Let y be s(-4). What is the greatest common divisor of y and 129?
43
Let i(h) = -h**2 - 9*h - 11. Let b be i(-2). Calculate the highest common divisor of 15 and b.
3
Let q(a) = 2*a - 6. Suppose 2*d - 7*d = 3*p - 10, 7 = 2*p + 3*d. Let i be q(p). Calculate the highest common factor of i and 28.
4
Let g be 648/3 + -3 + 3. Calculate the greatest common divisor of g and 27.
27
Suppose -4*z + 5 = 2*k - 9*z, -2*k + 15 = -3*z. Calculate the highest common divisor of k and 60.
15
Suppose 3*z = 5*x - 729, 9*z - 4*z = -5*x + 705. Let b = 24 + -8. Calculate the greatest common divisor of b and x.
16
Let m be 9/(-7) - 18/(-63). Suppose -4 - 3 = -y. Let r be y/m*(-1)/1. What is the greatest common divisor of r and 21?
7
Let r be -2 - (-3 + 7 + -51). Calculate the greatest common divisor of r and 27.
9
Let m = 149 + -5. Let v be 96/4*4/6. What is the greatest common divisor of v and m?
16
Suppose 5*r - 1080 = -q, -r + 4*q + 273 - 57 = 0. Calculate the highest common factor of r and 27.
27
Let y(m) = m**3 - 9*m**2 + 13*m - 9. Let u be y(8). Let i = u + -16. What is the greatest common factor of 3 and i?
3
Let m be -1 + 2 + -1 + 2. Let y = m + 0. Suppose 6*q - 3*q + 651 = 5*r, y*r - 249 = 5*q. What is the greatest common factor of r and 12?
12
Suppose 9*l = 598 - 13. What is the greatest common factor of 26 and l?
13
Let p = -3 + 28. What is the highest common divisor of 50 and p?
25
Suppose -2*u = -5*p + 165, p - 5*p + 20 = 0. Let a be 2/3 - u/(-15). Let b be 27/6*(0 - a). Calculate the highest common factor of b and 9.
9
Suppose -7 = -2*j + j - 4*w, -4*j - 3*w = -2. Let f be j/(-2) + 237/6. What is the highest common factor of 8 and f?
8
Let u be ((2 + -3)*2)/(24/(-204)). Let b = -156 - -89. Let p = b + 101. What is the greatest common factor of u and p?
17
Suppose 33 = -0*f + 4*f - h, 3*h + 36 = 5*f. What is the greatest common factor of 3 and f?
3
Let l = -100 - -185. What is the greatest common divisor of 17 and l?
17
Let c(f) = 2*f**2 - 3*f + 3. Let m be c(3). What is the highest common factor of m and 6?
6
Let g = -6 + 6. Let v = g - -3. Suppose -l - 2*l + 79 = -4*a, -v*l - 4*a + 47 = 0. Calculate the greatest common factor of l and 14.
7
Let o = 74 + -161. Let n = -27 - o. Calculate the greatest common factor of n and 10.
10
Let y be (-1 - 2)/((-6)/180). What is the highest common factor of 10 and y?
10
Let n be 24/(-20)*(-5)/2. Suppose q + 0*q - n*o = 0, 0 = -2*q + 3*o + 3. Let j = 6 - q. Calculate the greatest common factor of 3 and j.
3
Let w(p) = p**3 + 2*p**2 - 5*p - 6. Let i be w(3). Calculate the highest common factor of i and 64.
8
Let z = 0 + 1. Let r be z/((-3)/(-6)) + 70. Calculate the highest common divisor of r and 9.
9
Suppose -4*s = l - 32, -l - 40 = -5*s + 2*l. Suppose 3*a = -s + 338. What is the greatest common factor of a and 10?
10
Let x be 388/6 + (-4)/(-12). What is the greatest common factor of 13 and x?
13
Let f = -57 + 84. Calculate the greatest common divisor of 9 and f.
9
Suppose -b + 3*u 